composite number?
True
Is 570569 prime?
True
Is 564259 prime?
False
Is 318823 prime?
True
Is 14281 composite?
False
Is 1101 prime?
False
Is 98597 prime?
True
Is 43027 a composite number?
True
Is 539027 a composite number?
True
Is 30359 composite?
True
Is 81439 composite?
False
Is 25301 prime?
True
Is 284783 composite?
False
Is 711209 a composite number?
False
Is 101017 prime?
False
Is 303217 composite?
False
Is 6803 a prime number?
True
Is 1907249 prime?
True
Is 242123 a composite number?
True
Is 15815 prime?
False
Is 382 composite?
True
Is 37769 a composite number?
True
Is 7427 a composite number?
True
Is 277709 composite?
True
Is 3166 composite?
True
Is 5617 a prime number?
False
Is 65161 a prime number?
False
Is 970687 composite?
False
Is 81219 prime?
False
Is 24239 a prime number?
True
Is 19289 a composite number?
False
Is 381445 a prime number?
False
Is 776573 a prime number?
False
Is 13157 prime?
False
Is 1459 a composite number?
False
Is 110213 a composite number?
True
Is 4591 a composite number?
False
Is 30467 composite?
False
Is 33639 a composite number?
True
Is 52489 prime?
True
Is 61865 a composite number?
True
Is 13571 prime?
False
Is 29899 a composite number?
True
Is 91909 prime?
True
Is 1043047 prime?
True
Is 174821 a composite number?
False
Is 446821 a composite number?
True
Is 871867 prime?
True
Is 3787 a composite number?
True
Is 11027 prime?
True
Is 449 composite?
False
Is 353963 composite?
False
Is 21635 a prime number?
False
Is 18637 prime?
True
Is 91447 composite?
True
Is 2725621 prime?
True
Is 3641 prime?
False
Is 518497 prime?
False
Is 39803 prime?
False
Is 20567 composite?
True
Is 20287 composite?
False
Is 118381 a composite number?
True
Is 28111 composite?
False
Is 332441 prime?
True
Is 339 a prime number?
False
Is 1727077 a prime number?
False
Is 21327 a composite number?
True
Is 1609009 a prime number?
True
Is 29609 a composite number?
True
Is 3103 composite?
True
Is 37063 a composite number?
True
Is 468619 a prime number?
True
Is 581923 a prime number?
False
Is 648563 a composite number?
False
Is 50299 composite?
True
Is 2201983 composite?
True
Is 2154389 prime?
True
Is 8462 composite?
True
Is 117101 a composite number?
False
Is 16729 a prime number?
True
Is 1301831 a prime number?
False
Is 2916143 composite?
False
Is 28643 a prime number?
True
Is 3587 prime?
False
Is 8623 prime?
True
Is 8665 a prime number?
False
Is 192341 prime?
True
Is 27439 a composite number?
True
Is 2518 a composite number?
True
Is 123601 composite?
False
Is 105753 prime?
False
Is 362521 prime?
True
Is 1809289 a composite number?
True
Is 6139 a composite number?
True
Is 9223 prime?
False
Is 7057 a prime number?
True
Is 26137 a prime number?
False
Is 4609 composite?
True
Is 41569 prime?
False
Is 3155 a composite number?
True
Is 440131 composite?
False
Is 30577 a prime number?
True
Is 1286078 a prime number?
False
Is 521159 a prime number?
False
Is 148991 composite?
False
Is 13093 a composite number?
False
Is 5147 prime?
True
Is 83113 prime?
False
Is 371 a prime number?
False
Is 12611 a prime number?
True
Is 8039 a prime number?
True
Is 1193 a prime number?
True
Is 9041 prime?
True
Is 72857 a prime number?
False
Is 571723 a composite number?
True
Is 524479 a prime number?
False
Is 3849653 a composite number?
False
Is 2819 a composite number?
False
Is 14566 a composite number?
True
Is 55561 prime?
False
Is 409879 a prime number?
True
Is 95327 a composite number?
False
Is 31281 prime?
False
Is 129205 composite?
True
Is 74174 composite?
True
Is 54719 a composite number?
True
Is 68099 a prime number?
True
Is 78359 composite?
True
Is 7817 composite?
False
Is 34093 prime?
False
Is 253457 composite?
True
Is 18803 a prime number?
True
Is 18041 a composite number?
False
Is 35069 a composite number?
False
Is 198149 prime?
False
Is 13033 a prime number?
True
Is 185161 a composite number?
False
Is 16963 prime?
True
Is 113327 a prime number?
True
Is 189977 composite?
False
Is 284945 composite?
True
Is 41867 composite?
True
Is 26903 prime?
True
Is 672541 composite?
True
Is 4283 a composite number?
False
Is 70913 a composite number?
False
Is 3377 a composite number?
True
Is 163517 a prime number?
True
Is 252481 prime?
True
Is 53137 a composite number?
True
Is 33311 a prime number?
True
Is 239306 a composite number?
True
Is 613 composite?
False
Is 26459 a composite number?
False
Is 71527 composite?
False
Is 2491 composite?
True
Is 136663 prime?
False
Is 791606 prime?
False
Is 983159 prime?
False
Is 6047 prime?
True
Is 44755 a composite number?
True
Is 74231 composite?
False
Is 736577 composite?
False
Is 17041 composite?
False
Is 180613 prime?
False
Is 1018513 a prime number?
True
Is 11089 composite?
True
Is 3185861 a composite number?
True
Is 623527 prime?
False
Is 165151 composite?
True
Is 24943 a composite number?
False
Is 12419 a prime number?
False
Is 39917 composite?
True
Is 7403 composite?
True
Is 7783 a prime number?
False
Is 446 a prime number?
False
Is 473521 prime?
False
Is 50539 composite?
False
Is 2993 composite?
True
Is 149605 a composite number?
True
Is 290107 a composite number?
False
Is 29789 a composite number?
False
Is 6979 prime?
False
Is 37463 a composite number?
False
Is 8803 a composite number?
False
Is 586357 a composite number?
True
Is 85331 a prime number?
True
Is 8419 composite?
False
Is 10349 a composite number?
True
Is 2387107 a composite number?
False
Is 5879 a prime number?
True
Is 1513 a prime number?
False
Is 36773 composite?
True
Is 137533 a prime number?
False
Is 12003 a prime number?
False
Is 2199719 a prime number?
True
Is 233171 composite?
True
Is 68521 composite?
False
Is 4043 a composite number?
True
Is 303049 prime?
True
Is 2805913 composite?
True
Is 808517 a prime number?
True
Is 4783 composite?
False
Is 801959 a composite number?
False
Is 11183 composite?
True
Is 397211 prime?
True
Is 31795 composite?
True
Is 33739 a prime number?
True
Is 25073 composite?
False
Is 484403 a prime number?
False
Is 20191 a prime number?
False
Is 69749 prime?
False
Is 76997 prime?
False
Is 26365 composite?
True
Is 24595 a prime number?
False
Is 129209 composite?
False
Is 446 a prime number?
False
Is 8083 prime?
False
Is 260483 a prime number?
True
Is 582791 prime?
False
Is 23531 composite?
False
Is 1168737 composite?
True
Is 24053 composite?
True
Is 88771 composite?
False
Is 38107 a prime number?
False
Is 629081 composite?
False
Is 7603 a prime number?
True
Is 12511 composite?
False
Is 8909 a prime number?
False
Is 29297 composite?
False
Is 815 composite?
True
Is 24317 composite?
False
Is 7723 prime?
True
Is 390499 a prime number?
True
Is 8149 a prime number?
False
Is 24127 a prime number?
False
Is 11201 composite?
True
Is 1985 prime?
False
Is 10667 a prime number?
True
Is 13047 a prime number?
False
Is 84913 a composite number?
False
Is 196067 a composite number?
True
Is 23977 a prime number?
True
Is 9511 a prime number?
True
Is 423581 a prime number?
True
Is 40019 prime?
False
Is 7669 a prime number?
True
Is 204397 a composite number?
False
Is 421417 a prime number?
True
Is 11651 prime?
False
Is 464819 prime?
True
Is 627059 a prime number?
True
Is 1028915 a composite number?
True
Is 175115 a prime number?
False
Is 87109 a composite number?
True
Is 607051 composite?
True
Is 16186 a composite number?
True
Is 789473 composite?
False
Is 1829251 a composite number?
True
Is 13669 prime?
True
Is 2928127 a composite number?
True
Is 7211 a composite number?
False
Is 7177 a composite number?
False
Is 9601 prime?
True
Is 59173 a prime number?
False
Is 828277 a composite number?
False
Is 144773 a composite number?
False
Is 5599 a composite number?
True
Is 47189 a prime number?
True
Is 1028189 composite?
False
Is 210731 a composite number?
False
Is 83857 prime?
True
Is 79733 composite?
True
Is 70481 a composite number?
False
Is 47189 composite?
False
Is 2939 prime?
True
Is 23399 prime?
True
Is 15727 composite?
False
Is 153059 a composite number?
False
Is 13367 composite?
False
Is 12459 a prime number?
False
Is 195443 prime?
True
Is 159097 a composite number?
False
Is 52837 composite?
False
Is 335417 a prime number?
True
Is 5791 a prime number?
True
Is 14461 a composite number?
False
Is 32849 prime?
False
Is 233159 prime?
True
Is 7369 composite?
F